 y = -10 - -10. Let u(f) = 2*f + 2*f - f**2 - 3*f + 4. Calculate u(y).
4
Let j(b) be the third derivative of -b**6/120 + b**5/30 + b**4/24 + b**3/3 - 2*b**2. Give j(3).
-4
Let n(p) be the third derivative of p**6/120 + p**5/15 - p**4/24 + 31*p**2. Give n(-4).
4
Let d(k) be the third derivative of -k**5/60 - k**4/4 - 2*k**3/3 + 13*k**2. What is d(-5)?
1
Let x(q) be the third derivative of -q**8/6720 + q**7/1260 + q**6/144 + q**5/120 + q**4/24 - 2*q**2. Let b(j) be the second derivative of x(j). Calculate b(4).
-11
Let f(w) = -w**2 + 5*w - 4. Let q(x) = -x**2 - 8*x - 6. Let l be q(-7). Let z = 1 + l. Let s = 1 + z. Calculate f(s).
2
Let f be 2/14 - 215/35. Let c be (f/(-18))/((-1)/(-3)). Let w(a) be the first derivative of a**2/2 - a + 1. Give w(c).
0
Let q(r) be the third derivative of -r**5/60 - r**4/12 - r**3/2 + r**2. Calculate q(-5).
-18
Let j(p) = 3*p. Let s(t) = 3*t**2 - t + 2. Let c be s(1). What is j(c)?
12
Let l(t) = 4*t + 8. Let m(w) = -5*w - 9. Let h(v) = -4*l(v) - 3*m(v). Suppose -28*c = -23*c + 4*y - 12, -4*y + 12 = -c. What is h(c)?
-5
Let c(d) = -d**2 + 7. Let z be (3 - 3) + (-3)/(-1). Suppose -h = -2 - z. Let l(x) = -x**2 + x + 7. Let v(f) = h*l(f) - 6*c(f). Give v(-6).
-1
Suppose 5*w - 4*d + 3 = 7, 4*w - 20 = -d. Let n(p) be the second derivative of -2/3*p**3 + p**2 + 0 - 2*p + 1/20*p**5 - 1/4*p**4. Calculate n(w).
2
Let i(c) be the second derivative of 1/2*c**2 + 0 + 1/12*c**4 - c - 1/2*c**3. Suppose 3*q - n = 4*n - 22, -2*n = -2*q - 8. Calculate i(q).
-1
Let m(w) = w**3 - 4*w**2 - w + 4. Let a = -5 - 8. Let o = -9 - a. Give m(o).
0
Let q(u) = -u**3 - u**2 + u. Let r(i) = -3*i**3 - 2*i**2 + 2*i + 1. Let h(f) = -5*q(f) + 2*r(f). Calculate h(0).
2
Let q = -12 - -14. Let l(b) = -b**q + 1 - b + 8*b + 1 - 2*b. Give l(5).
2
Let w = 15 + -13. Let z = w - 1. Let y(j) = 6*j**3 - 2*j**2 + 2*j - 1. Calculate y(z).
5
Let a(c) = -3*c - 3*c - 1 - 2*c**2 - 11*c + 14*c. Determine a(-2).
-3
Let q(s) = -s**3 - 9 + 8*s - 16 + 35 - 6*s**2. What is q(-7)?
3
Let a(b) = b**3 - b**2 - b + 1. Let z(i) = 4*i**3 - 4*i**2 - 5*i + 2. Let u(h) = 3*a(h) - z(h). Let y(t) be the first derivative of u(t). Calculate y(2).
-6
Let b = 15 - 6. Let s(m) = m**2 - 9*m - 4. Give s(b).
-4
Let h(i) = i**2 + i - 5. Let u = -9 - -7. Let y = 0 - u. Let m = y + -2. Determine h(m).
-5
Let r be 1/(0 + (-2)/(-8)). Let i(j) = 5*j**2 - 8*j + 4 - r*j**2 + 2. Give i(5).
-9
Let g(s) = -2*s + 8. Let i be g(6). Let b(j) = -j**2 - 2*j + 4. What is b(i)?
-4
Let f(p) = -2*p - 14 + 11 + 3*p. Let x(h) = h**3 + 6*h**2 - 2*h - 6. Let b be x(-6). Calculate f(b).
3
Let m(q) be the first derivative of -3*q**2 + 16. Calculate m(1).
-6
Suppose 2*r + r = 12. Let f be 1 + 2 - (1 - 2). Let v(y) = 3*y + r - f - y - 1. Give v(2).
3
Suppose 0 = 5*v - 7*v. Let j(c) = c**2 + c - 2. Calculate j(v).
-2
Let u = 0 - -2. Let j(a) be the third derivative of a**5/60 + 11*a**3/6 - 8*a**2. Let v(n) be the first derivative of j(n). Calculate v(u).
4
Let i(m) be the third derivative of -m**5/60 - 7*m**4/24 + m**3/2 + 8*m**2. Calculate i(-6).
9
Suppose -r + 18 = -3*m, 3*r + 5*m + 12 = -4. Let k(j) = r*j**2 + 6*j + 4 - 2*j**2 + 0. Let a be k(-6). Let d(u) = u**2 - 4*u + 5. Calculate d(a).
5
Suppose -1 = 4*o - 13. Let t(w) = -4*w - w**3 + 0*w**3 - 4 + 3*w + 2*w**3 - 3*w**2. Determine t(o).
-7
Let w(c) = -3*c - 15. Suppose -4*u + 4*v + 0*v = 28, -19 = 4*u + 5*v. Determine w(u).
3
Let u(b) = b**3 + 6*b**2 + b + 3. Let r(m) = -4*m**3 - m**2 + 4*m - 2. Let g be r(1). Determine u(g).
27
Let j(v) = -v**3 - v**2 - v - 1. Let b be (-5)/1 - (-1 + -3). Let p(m) = -2*m**3 + 3*m**2 - 5*m + 3. Let o(s) = b*p(s) + 3*j(s). Determine o(-6).
-18
Let a(w) = 3*w**2 - 8*w. Let o(d) = -4*d**2 + 8*d - 1. Let t(p) = -3*a(p) - 2*o(p). Calculate t(8).
2
Let m(i) = -i**2 + 3. Let g(p) = 0 + 3*p + 2*p + 4*p**2 - 3 - 3*p**2. Let d be g(-6). Suppose 2*s + d = -3. Calculate m(s).
-6
Let v(z) = -3*z + 1. Let y(k) = -k**2 - 5*k - 4. Let m be y(-4). Suppose 3*a + 2*a - 10 = m. What is v(a)?
-5
Let a(j) = 8*j**2 - 2*j + 1. Let m = 10 - 6. Suppose -m*z - 9 = -z. Let g be z*((-4)/(-3))/(-4). What is a(g)?
7
Let u(d) = -11*d**2 + d. Suppose 3*a = -4*c - 2, 5*a - 6 - 2 = -c. Let i be a - (6/3 + -4). Suppose 3*k = 15, 5*k - 21 = -0*f - i*f. Give u(f).
-12
Let g(x) = 5*x**3 + 5*x**2 + 7*x - 2 - 4*x**3 + 8. Give g(-4).
-6
Let i be (-1)/(28/(-12) + 2). Suppose -i*z + 2*y = -2*y + 11, -2*y + 10 = 0. Let p(x) = -4*x + 4. Calculate p(z).
-8
Let q(v) = 11*v + 9. Let z(t) = t + 1. Let s(f) = -q(f) + 6*z(f). What is s(4)?
-23
Let l = 4 - 0. Suppose 0 = l*g + 3*b + 3 - 7, 4*b + 32 = 4*g. Let m(c) be the first derivative of -c**4/4 + 5*c**3/3 - 5*c**2/2 + 4*c - 3. What is m(g)?
0
Let b(v) = 0 + 86*v - 42*v + 3 - 43*v. Suppose 0 = -5*h - 28 - 2. What is b(h)?
-3
Let x(j) be the third derivative of -1/3*j**4 - 5*j**2 - 1/120*j**6 + 2/3*j**3 + 0*j + 0 + 7/60*j**5. Calculate x(6).
-8
Let y(x) = x. Let k be y(6). Let b(m) = -2*m**2 + 8*m + 4. What is b(k)?
-20
Let c(a) = -a**2 - a - 1. Let g = 9 + -11. Let r(y) = y**3 + 4*y**2 + 3*y + 5. Let m(h) = g*c(h) - r(h). Give m(-3).
9
Suppose 5*k - 6 + 1 = -5*r, 0 = 2*k + r - 2. Let b(f) = -5*f**2 + 1 + 4*f - 3*f - 2. Calculate b(k).
-5
Let u(y) = -1 + y - 2*y - 4*y - y**2. Suppose 0 = -2*x - 2, x = -5*q + 4*x + 13. Suppose q*p = 4*h - 2*h - 4, 3*p = -5*h - 22. Determine u(p).
3
Suppose 3*h + 6 = 5*h. Let p(o) = o**3 + 2*o**3 - 2*o**3 - 3*o - 2*o**2. Determine p(h).
0
Let n(k) be the second derivative of k**3/6 - 13*k**2/2 - 18*k. Determine n(6).
-7
Let u(i) = -2*i - 2. Let y(m) = m**2 + 4*m + 4. Let r be y(-2). Suppose 3 + 2 = -a + k, r = 2*a + 2*k + 2. Determine u(a).
4
Let k(x) = -2*x - 1. Suppose 10 = 3*r - a - a, 2*r + 5 = -a. Suppose r = -3*c - 3*j + 4*j + 19, 0 = 5*c + j - 29. Let o be (5/15)/((-2)/c). Determine k(o).
1
Let y(v) = -v**2 + 4*v + 7. Let i(j) = j + 7. Let t be i(5). Let w = -7 + t. Determine y(w).
2
Let i = -8 - -6. Let o(l) = -l - 4. Let r(f) = -2*f - 5. Let y(m) = -4*o(m) + 3*r(m). Give y(i).
5
Let q(b) be the third derivative of b**9/60480 - b**8/6720 - b**7/840 + b**6/720 - 7*b**5/60 - 7*b**2. Let w(z) be the third derivative of q(z). What is w(4)?
-7
Let v(p) = -2*p**2 - 3*p + 1. Let z(f) = 3*f**2 + 4*f - 1. Let q be (6/(-2))/(6/16). Let i(b) = q*v(b) - 5*z(b). Determine i(-5).
2
Let w(k) = 2*k. Let p(s) = -s**3 + 3*s + 1. Let r be p(2). Calculate w(r).
-2
Let y(q) be the first derivative of -1/180*q**6 + 0*q + 2 + 2/3*q**3 - 1/8*q**4 + 1/60*q**5 + 0*q**2. Let o(n) be the third derivative of y(n). Determine o(2).
-7
Let s(g) = g**3 - 3*g**2 - 3*g + 2. Suppose -4*i - 1 = 3*d, i + 2*d = 3*i - 10. Let z be ((-4)/(-2) - -2) + i. Let a be (-2)/4*z/(-1). What is s(a)?
-7
Let f(x) be the first derivative of -2*x**2 - 3*x + 1. Let s be f(-2). Suppose -s*o - 6*z + z = 0, 3*o + 10 = 2*z. Let y(d) = -d + 2. Calculate y(o).
4
Let y(h) = h**3 - 6*h**2 - 6*h + 1. Let t be y(7). Let f(l) = l**3 - 7*l**2 - 6*l - 9. Determine f(t).
7
Let t = -116 - -116. Let d(o) = o**3 + 26. Determine d(t).
26
Let o = 3 + -2. Let g(x) = x**2 - x + x - o. Let v = -7 - -10. Give g(v).
8
Let c be (-9)/(-2)*(-4)/6. Let j(l) be the third derivative of -l**5/120 - l**4/8 - l**3/6 - l**2. Let b(o) be the first derivative of j(o). Determine b(c).
0
Let q(v) = 3*v**2 - 8*v - 5. Let a(f) = 16*f**2 - 41*f - 25. Let l(h) = 2*a(h) - 11*q(h). Calculate l(7).
-2
Let j(t) = -4*t. Let f be 4*(-1 - 1/(-2)). Let z be -5 - -5 - f*1. Let o = 4 - z. Give j(o).
-8
Let r(b) = 11*b + 1. Let p be ((2/4)/((-3)/6))/(-1). Give r(p).
12
Let w(y) = -y**2 + 2*y - 2. Let c = 11 + -10. Let p be -1*(c + 0)*-2. Calculate w(p).
-2
Let a be ((-2)/2)/((-2)/8). Let p be (0 + -2)/(a/6). Let r = 1 + p. Let f(h) = -h**3 - 3*h**2 - 4*h - 2. Give f(r).
2
Suppose 5*c - 9*c - 16 = 0. Let n(t) = t**3 + 2*t**2 - 4*t + 4. Determine n(c).
-12
Let k(d) = d**2 - 6*d + 2. Suppose 0 = -b - 4 + 8. Give k(b).
-6
Let q(z) = -8*z + 10. Let j(m) = m - 1. Let b(d) = -d**3 + 8*d**2 + 10*d - 8. Let i be b(9). Let l(v) = i*q(v) + 10*j(v). Suppose 2 = 4*t - 2. What is l(t)?
2
Let m(w) be the first derivative of w**4/4 + 8*w**3/3 - 4*w + 18. Calculate m(-8).
-4
Let a(m) be the second derivative of m**4/12 - 5*m**3/6 - 4*m**2 + 2*m. Let l = -10 - -20. Let c = l - 4. Determine a(c).
-2
Let h be -3